{"id":65,"date":"2015-11-25T21:29:45","date_gmt":"2015-11-25T20:29:45","guid":{"rendered":"http:\/\/www.raichberg-realschule-stuttgart.de\/v4\/?page_id=65"},"modified":"2023-05-18T17:40:05","modified_gmt":"2023-05-18T15:40:05","slug":"schulleitung","status":"publish","type":"page","link":"https:\/\/www.raichberg-realschule-stuttgart.de\/?page_id=65","title":{"rendered":"Schulleitung"},"content":{"rendered":"<p><a href=\"https:\/\/www.raichberg-realschule-stuttgart.de\/wp-content\/uploads\/2023\/05\/Bild-4-scaled.jpg\"><img loading=\"lazy\" decoding=\"async\" class=\"aligncenter wp-image-1996 \" src=\"https:\/\/www.raichberg-realschule-stuttgart.de\/wp-content\/uploads\/2023\/05\/Bild-4-scaled-e1684424380192-1024x645.jpg\" alt=\"\" width=\"604\" height=\"380\" srcset=\"https:\/\/www.raichberg-realschule-stuttgart.de\/wp-content\/uploads\/2023\/05\/Bild-4-scaled-e1684424380192-1024x645.jpg 1024w, https:\/\/www.raichberg-realschule-stuttgart.de\/wp-content\/uploads\/2023\/05\/Bild-4-scaled-e1684424380192-300x189.jpg 300w, https:\/\/www.raichberg-realschule-stuttgart.de\/wp-content\/uploads\/2023\/05\/Bild-4-scaled-e1684424380192-768x484.jpg 768w, https:\/\/www.raichberg-realschule-stuttgart.de\/wp-content\/uploads\/2023\/05\/Bild-4-scaled-e1684424380192-1536x968.jpg 1536w, https:\/\/www.raichberg-realschule-stuttgart.de\/wp-content\/uploads\/2023\/05\/Bild-4-scaled-e1684424380192-2048x1291.jpg 2048w\" sizes=\"auto, (max-width: 604px) 100vw, 604px\" \/><\/a><\/p>\n<blockquote><p>Sibylle Laible (Sekretariat), Beate V\u00f6hringer (Rektorin), Benjamin Dei\u00dfler (Konrektor)<\/p><\/blockquote>\n<p>Rektorin: Frau Beate V\u00f6hringer<br \/>\nTelefon: 0711\/216-33553<\/p>\n<p>Konrektor: Herr Benjamin Dei\u00dfler<br \/>\nTelefon: 0711\/216-33554<\/p>\n<p>Steuergruppe: Joshua Vo\u00df, Sarah Schw\u00e4gele, Timo Ulutas<\/p>\n<p>Sekretariat: Frau Sibylle Laible<\/p>\n<p>Telefon: 0711\/216-33550<br \/>\nFax: 0711\/216-33551<br \/>\nMail: <a href=\"mailto:poststelle.rbr@stuttgart.de\">poststelle.rbr@stuttgart.de<\/a><\/p>\n<p>Das Sekretariat ist an Schultagen von 7:30 bis 12:00 Uhr besetzt.<\/p>\n<p>Telefon (Lehrkr\u00e4fte): 0711\/216-33556<\/p>\n","protected":false},"excerpt":{"rendered":"<p>Sibylle Laible (Sekretariat), Beate V\u00f6hringer (Rektorin), Benjamin Dei\u00dfler (Konrektor) Rektorin: Frau Beate V\u00f6hringer Telefon: 0711\/216-33553 Konrektor: Herr Benjamin Dei\u00dfler Telefon: 0711\/216-33554 Steuergruppe: Joshua Vo\u00df, Sarah Schw\u00e4gele, Timo Ulutas Sekretariat: Frau Sibylle Laible Telefon: 0711\/216-33550 Fax: 0711\/216-33551 Mail: poststelle.rbr@stuttgart.de Das Sekretariat ist an Schultagen von 7:30 bis 12:00 Uhr besetzt. Telefon (Lehrkr\u00e4fte): 0711\/216-33556<\/p>\n","protected":false},"author":4,"featured_media":0,"parent":48,"menu_order":0,"comment_status":"closed","ping_status":"closed","template":"","meta":{"footnotes":""},"class_list":["post-65","page","type-page","status-publish"],"_links":{"self":[{"href":"https:\/\/www.raichberg-realschule-stuttgart.de\/index.php?rest_route=\/wp\/v2\/pages\/65","targetHints":{"allow":["GET"]}}],"collection":[{"href":"https:\/\/www.raichberg-realschule-stuttgart.de\/index.php?rest_route=\/wp\/v2\/pages"}],"about":[{"href":"https:\/\/www.raichberg-realschule-stuttgart.de\/index.php?rest_route=\/wp\/v2\/types\/page"}],"author":[{"embeddable":true,"href":"https:\/\/www.raichberg-realschule-stuttgart.de\/index.php?rest_route=\/wp\/v2\/users\/4"}],"replies":[{"embeddable":true,"href":"https:\/\/www.raichberg-realschule-stuttgart.de\/index.php?rest_route=%2Fwp%2Fv2%2Fcomments&post=65"}],"version-history":[{"count":21,"href":"https:\/\/www.raichberg-realschule-stuttgart.de\/index.php?rest_route=\/wp\/v2\/pages\/65\/revisions"}],"predecessor-version":[{"id":2006,"href":"https:\/\/www.raichberg-realschule-stuttgart.de\/index.php?rest_route=\/wp\/v2\/pages\/65\/revisions\/2006"}],"up":[{"embeddable":true,"href":"https:\/\/www.raichberg-realschule-stuttgart.de\/index.php?rest_route=\/wp\/v2\/pages\/48"}],"wp:attachment":[{"href":"https:\/\/www.raichberg-realschule-stuttgart.de\/index.php?rest_route=%2Fwp%2Fv2%2Fmedia&parent=65"}],"curies":[{"name":"wp","href":"https:\/\/api.w.org\/{rel}","templated":true}]}}